31. Give i(-78).
103
Let j(a) = 4*a**2 + 631*a + 1884. Give j(-3).
27
Let f(m) = -2*m**3 + 24*m**2 - 29*m - 114. Calculate f(9).
111
Let i(a) = 5*a**2 - 28*a - 134. What is i(9)?
19
Let l(z) = 194*z + 954. Give l(-5).
-16
Let i(d) = -d**2 + 125*d + 2312. Calculate i(-16).
56
Let y(a) = 8*a + 500. Determine y(-67).
-36
Let q(z) = -z**2 + 30*z + 825. Calculate q(42).
321
Let b(r) = -2*r**3 - 248*r**2 + 254*r + 451. Give b(-125).
-49
Let v(d) = 5*d**3 - 31*d**2 + 10*d - 10. Determine v(6).
14
Let x(j) = j**3 + 9*j**2 - 10*j - 45. Give x(-12).
-357
Let d(a) = 67*a + 859. What is d(-16)?
-213
Let q(w) = -w**2 + 23*w + 323. What is q(34)?
-51
Let j(y) = -356*y - 1438. Give j(-4).
-14
Let q(f) = 20*f - 1238. What is q(61)?
-18
Let f(r) = -r**2 + 1926*r - 5772. What is f(3)?
-3
Let g(o) = -o**2 + 36*o + 60. Calculate g(37).
23
Let c(v) = 31*v + 573. Give c(-18).
15
Let q(j) = j**3 - 12*j**2 - 99*j + 190. What is q(17)?
-48
Let g(j) = -j**2 - 68*j - 836. Calculate g(-52).
-4
Let s(o) = 12*o**2 - 35*o + 104. Calculate s(3).
107
Let w(c) = -8*c - 534. Determine w(-24).
-342
Let u(b) = 56*b**2 + 24*b - 44. Give u(2).
228
Let g(n) = -367*n - 2194. Determine g(-6).
8
Let f(h) = h**2 + 86*h + 957. What is f(-72)?
-51
Let v(t) = -t**2 + 2*t + 11. Give v(4).
3
Let w(p) = 6*p**3 - 4*p**2 + 4*p + 8. Give w(2).
48
Let b(r) = -9*r**2 + 5*r - 1. What is b(-3)?
-97
Let z(m) = 1989*m - 11927. Determine z(6).
7
Let x(o) = o**2 + 1870*o - 13152. Calculate x(7).
-13
Let v(q) = 3*q**3 + 44*q**2 + 34*q + 91. What is v(-14)?
7
Let m(r) = 4*r**3 + 56*r**2 - 19*r - 38. Determine m(1).
3
Let s(a) = -23*a**2 - 2*a - 5. Calculate s(1).
-30
Let o(a) = -22*a**3 + 2*a**2 + a + 2. Determine o(-2).
184
Let j(w) = 2*w**3 + 129*w**2 + 2075*w + 26. What is j(-34)?
-8
Let n(r) = r**2 + 29*r + 239. Determine n(-16).
31
Let i(f) = f**3 + 8*f**2 + 22*f + 11. Determine i(-2).
-9
Let p(r) = r**3 + 37*r**2 + 47*r + 77. Determine p(-36).
-319
Let o(z) = z**3 - 17*z**2 + 55*z + 6. What is o(6)?
-60
Let a(b) = b**2 - 25*b + 58. Give a(16).
-86
Let l(m) = 3*m**3 - 31*m**2 + 8*m + 20. Calculate l(10).
0
Let n(a) = a**3 - 40*a**2 + 143*a + 56. Calculate n(36).
20
Let r(b) = -275*b - 24. Calculate r(-1).
251
Let d(v) = 401*v + 2676. Give d(-7).
-131
Let n(x) = x**2 + 21*x - 85. Determine n(4).
15
Let s(g) = 763*g + 879. What is s(-1)?
116
Let v(o) = 14*o - 426. Calculate v(15).
-216
Let t(l) = -5*l**3 - 639*l**2 + 143*l + 1906. Give t(-128).
-14
Let p(t) = 13*t**2 + 3*t + 3. What is p(-1)?
13
Let w(y) = -7*y**2 + 114*y - 112. What is w(1)?
-5
Let h(j) = -2535*j - 15213. Give h(-6).
-3
Let m(y) = 2*y**3 - 33*y**2 + 70*y - 23. Give m(14).
-23
Let v(t) = -6356*t - 25429. What is v(-4)?
-5
Let g(h) = -57*h - 183. What is g(-16)?
729
Let l(q) = q**3 + 10*q**2 - 22*q + 62. What is l(-12)?
38
Let y(d) = 14*d + 184. Calculate y(-15).
-26
Let h(j) = j**3 + 19*j**2 - 59*j - 357. Give h(-21).
0
Let d(m) = -267*m**2 - 10. Determine d(-2).
-1078
Let q(d) = -47*d + 136. Give q(4).
-52
Let v(t) = t**3 + 19*t**2 - 4*t - 127. Calculate v(-7).
489
Let q(t) = -4*t**3 + 16*t**2 - 9*t + 16. What is q(4)?
-20
Let z(p) = -p**2 + 2*p + 1085. Give z(35).
-70
Let y(t) = 5*t**2 - 66*t - 58. What is y(14)?
-2
Let n(t) = 11*t**2 + t + 17. Determine n(-6).
407
Let s(c) = 10*c**2 - 12*c - 18. Give s(-5).
292
Let q(f) = 29856*f - 268700. Give q(9).
4
Let d(l) = -67*l - 1619. Determine d(-24).
-11
Let a(b) = 2*b**2 + 11*b + 11. Give a(-5).
6
Let l(o) = 23*o**2 + 208*o + 10. Determine l(-9).
1
Let u(t) = 4*t**3 - 85*t**2 + 8*t + 45. What is u(21)?
-228
Let b(n) = n**3 + 18*n**2 + 7*n + 42. Determine b(-18).
-84
Let f(m) = 757*m - 2276. Give f(3).
-5
Let q(l) = l**2 - 173*l + 1622. Determine q(11).
-160
Let z(v) = 110*v + 10. Give z(-3).
-320
Let a(n) = -3*n**3 - 18*n**2 - 8*n - 20. What is a(-3)?
-77
Let a(x) = -2*x**2 - 12*x + 4363. Determine a(-50).
-37
Let m(k) = 2*k**2 + 746*k - 6100. Determine m(8).
-4
Let d(u) = 628*u - 8791. Give d(14).
1
Let a(g) = 3*g**3 - 12*g**2 - 146*g + 582. Determine a(4).
-2
Let l(m) = -3*m**2 + 166*m + 150. Give l(56).
38
Let v(j) = 265*j + 261. Give v(-1).
-4
Let j(z) = z**3 + 22*z**2 - 45*z + 206. Give j(-24).
134
Let i(p) = -1440*p + 14401. Determine i(10).
1
Let i(u) = 9*u**2 - 282*u + 1553. Calculate i(7).
20
Let m(n) = -9*n**3 + 53*n**2 + n + 41. Determine m(6).
11
Let l(y) = -y**3 + 4*y**2 + 7*y - 47. Determine l(-3).
-5
Let f(k) = 34*k + 1532. What is f(-44)?
36
Let z(l) = l**3 + 12*l**2 - 10*l + 9. Determine z(-11).
240
Let j(s) = 5*s**2 + 169*s - 94. Calculate j(-35).
116
Let l(m) = -m**3 - 3*m + 162. Give l(0).
162
Let g(r) = r**3 + 3*r**2 - 9*r - 71. What is g(-5)?
-76
Let c(p) = -p**3 + 11*p**2 - 16*p - 64. Calculate c(8).
0
Let n(d) = -74*d - 457. Calculate n(-7).
61
Let z(x) = -x**2 - 20*x + 165. Calculate z(-21).
144
Let a(p) = 32*p - 471. Calculate a(18).
105
Let v(d) = 8*d - 1297. Calculate v(157).
-41
Let g(p) = -2*p**3 - 36*p**2 - 5*p - 62. Give g(-18).
28
Let v(p) = -436*p + 3509. What is v(8)?
21
Let w(o) = -27*o + 115. What is w(34)?
-803
Let u(k) = 192*k - 2067. Calculate u(11).
45
Let r(w) = -w**2 - 310*w - 24027. Give r(-155).
-2
Let y(s) = -s**3 - 17*s**2 - 41*s + 1. Give y(-14).
-13
Let j(f) = -f**2 + 26*f - 95. Calculate j(13).
74
Let q(k) = -26*k**2 + k - 4. What is q(1)?
-29
Let i(n) = 4*n + 27. What is i(4)?
43
Let i(t) = t**3 + 12*t**2 + 30*t + 197. Calculate i(-11).
-12
Let w(r) = -13*r**2 + 1090*r + 70. Determine w(84).
-98
Let y(o) = o**3 - 136*o**2 - 688*o - 2402. What is y(141)?
-5
Let y(d) = -d**2 + 83*d + 269. Give y(-3).
11
Let v(i) = 3*i**2 + 83*i + 266. What is v(-24)?
2
Let o(b) = -4*b + 157. Calculate o(30).
37
Let j(v) = -4*v + 139. Calculate j(14).
83
Let u(n) = -9*n**3 - 7*n - 31. Determine u(0).
-31
Let z(k) = -k**3 + 60*k**2 + 257*k - 106. Give z(64).
-42
Let i(s) = 268*s - 2603. Calculate i(10).
77
Let g(q) = 25*q - 2049. Calculate g(79).
-74
Let f(q) = 31*q - 76. Calculate f(2).
-14
Let h(z) = -z**3 - 63*z**2 - 489*z - 155. What is h(-54)?
7
Let n(w) = 44*w**2 + 207*w - 610. Give n(3).
407
Let x(l) = -l**2 - 48*l - 104. Determine x(-48).
-104
Let t(y) = -324*y - 24297. Determine t(-75).
3
Let r(f) = -f**3 + 40*f**2 - 53*f + 450. Determine r(39).
-96
Let l(o) = o**3 - 7*o**2 + 20*o + 87. Determine l(9).
429
Let h(w) = 28*w + 686. What is h(-25)?
-14
Let c(l) = -l**2 - 19*l - 55. What is c(-16)?
-7
Let b(k) = -64*k + 318. Give b(5).
-2
Let y(k) = -26*k + 38. Calculate y(1).
12
Let z(p) = -p**2 + 91*p - 1044. What is z(13)?
-30
Let y(r) = -330*r**3 - 7*r - 6. Give y(-1).
331
Let m(t) = -801*t - 25. Give m(1).
-826
Let k(t) = 28*t - 40. Give k(1).
-12
Let t(i) = 168*i + 5694. Give t(-34).
-18
Let p(w) = w**3 - 10*w - 36. Give p(-3).
-33
Let f(z) = 13*z + 59. What is f(-6)?
-19
Let t(m) = -382*m + 391. What is t(1)?
9
Let g(r) = 8*r + 189. Calculate g(-32).
-67
Let o(s) = -5*s**2 + 176*s + 1047. What is o(-6)?
-189
Let n(i) = -2*i**2 + 30*i - 164. What is n(13)?
-112
Let g(r) = 12*r**3 + 67*r**2 - 36*r - 22. Calculate g(-6).
14
Let w(t) = -34*t - 455. Calculate w(-20).
225
Let i(r) = 9*r - 20. Give i(13).
97
Let n(i) = 35*i - 633. What is n(16)?
-73
Let z(w) = 43*w**2 - 10*w - 33. What is z(-3)?
384
Let q(c) = c**3 - 350*c**2 + 402*c - 18495. Determine q(349).
2
Let h(z) = -5*z**2 - 198*z - 798. What is h(-35)?
7
Let c(x) = 37*x**2 + 371*x - 14. Determine c(-10).
-24
Let f(p) = -21*p - 292. Determine f(-16).
44
Let a(v) = 748*v - 1498. Give a(2).
-2
Let c(h) = h**3 + 105*h**2 + 593*h - 81. What is c(-99)?
18
Let s(p) = -75*p**3 + 5*p**2 - 10*p + 3. Calculate s(2).
-597
Let n(i) = i**3 - 26*i**2 - 36*i + 91. What is n(27)?
-152
Let f(b) = -7*b**2 + 402*b + 206. Give f(58).
-26
Let w(o) = -4*o**2 - 166*o - 564. Give w(-4).
36
Let h(c) = c**3 - 30*c**2 - 2*c + 197. Determine h(30).
137
Let k(t) = -3*t - 182. Calculate k(12).
-218
Let j(f) = -2*f**2 - 122*f - 11. Determine j(-57).
445
Let y(d) = d**2 - 22*d + 80. Give y(3).
23
Let m(o) = -o**3 - 14*o**2 + 117*o + 1682. Determine m(-12).
-10
Let j(n) = 3*n**2 + 4*n - 52. What is j(-12)?
332
Let w(l) = -l**3 + 138*l**2 - 701*l + 179. Give w(5).
-1
Let b(d) = -5*d**2 + 69*d + 94. What is b(15)?
4
Let c(l) = l**3 + 2*l**2 - 75*l + 234. Calculate c(4).
30
Let y(k) = -7*k - 147. What is y(-12)?
-63
Let w(u) =